be r(-2). Let f = s + 169. Let c = -23 - f. Is c composite?
True
Let r(m) = 724*m**2 - 9*m + 208. Let s be r(11). Is 40/70 + (-1)/((-7)/s) a prime number?
False
Let x(z) = 92*z + 1599. Is x(-6) composite?
True
Suppose i - 210 = -208. Is 9092 + i*(-4)/8*1 a prime number?
True
Is (307196/12)/(4/12) a prime number?
False
Suppose -23 = -4*d - 47. Let w(b) = 72*b**2 - 7*b - 55. Is w(d) composite?
False
Let m(x) = 11*x**2 + x + 79. Let v(q) = 10*q**2 + 79. Let d(o) = -3*m(o) + 4*v(o). Is d(17) a composite number?
True
Let r be (-18)/12*-2 + -1. Suppose 2*n - 1 = n, 3*w = -r*n + 13829. Is w composite?
True
Let h = -292358 + 418027. Is h a composite number?
False
Let u be 62994/(-36) + (-1)/6. Let r = -783 - u. Is r a prime number?
True
Suppose -4*l = b - 6*b - 998796, 0 = -b + 8. Is l composite?
True
Let q(o) = 6*o**2 - 4*o + 5. Suppose -3*h = -8*h - 25. Let u be q(h). Suppose -3*r + 12 = 0, 0*f + 4*r = -f + u. Is f a composite number?
True
Let w(z) = 2*z**3 - z**2 + 4*z - 19161. Let g be w(0). Is (-5 - 76/(-12))*g/(-12) prime?
True
Suppose -24861 - 708459 = -27*u. Suppose 5*i = 10*x - 5*x - u, -x = -4*i - 5417. Is x composite?
False
Suppose -8*h - 10*h = -5*h - 1481129. Is h composite?
False
Suppose -5*j - 2*z + 13346 = 0, 5*z = 2*z - 6. Suppose m = 2*i - j, -14 + 2 = -3*m. Suppose -8*h - i = -9*h. Is h composite?
True
Suppose -12017*m = -12002*m - 1010775. Is m a composite number?
True
Let j(p) be the first derivative of -9*p**3 - 13*p**2/2 + 6*p + 22. Let w(x) be the first derivative of j(x). Is w(-5) a composite number?
False
Let q be (-8)/(-12)*(-30)/4. Let o(r) = 43*r**2 + 3*r - 5. Let z be o(q). Let i = -202 + z. Is i a prime number?
True
Suppose 16*w = 17*w - 3905 - 15456. Is w composite?
True
Suppose 4*a = 3*p - 77949, -4*p - 11*a = -9*a - 103954. Is p composite?
True
Let b be (2429/(-4))/(40/(-960)). Let h = -10013 + b. Is h composite?
False
Let l = 26761 - 8324. Is l a composite number?
True
Let x(f) = -220*f**2 + 6*f - 6. Let m(o) = o**2 + o - 1. Let r(i) = 3*m(i) - x(i). Let v be ((-28)/(-42))/(1/(-3)). Is r(v) a composite number?
True
Suppose -5*s = 5*x - 215190, 43018 = x - 256*s + 253*s. Is x a prime number?
False
Suppose 4*a - 1 - 11 = 0, -5*x + 25*a + 454150 = 0. Is x composite?
True
Let i(w) = -98*w - 9. Let u(a) = a**3 + a**2 - 9*a + 1. Let p be u(3). Suppose -3*b - 208 = p*b. Is i(b) composite?
False
Let g = -15855 - -37704. Is g prime?
False
Suppose -5*r - 30 = 0, -t + 8*r = 3*r - 259301. Is t composite?
False
Let x(g) = g**2 + 6*g - 10. Let w be x(-8). Suppose -w*s = s - 21. Suppose 0 = -s*m + 3*c + 1656, 1094 = 4*m - 2*m - 4*c. Is m composite?
False
Suppose f - 74230 = 2*s, -f + 68674 + 5552 = -4*s. Is f a composite number?
True
Suppose -12*c + 119357 = -149611. Suppose -3*s - 3760 = -c. Is s a prime number?
False
Let d(q) = 6631*q**2 + 17*q + 17. Let s be d(-1). Suppose -23*o + s = -46752. Is o a composite number?
True
Let i be (-4 + 5 - 1) + (-3022)/(-2). Suppose 6*n - i = 6727. Is n prime?
True
Suppose -3*d = -4*r - 659134, 26*d - 28*d + 4*r = -439416. Is d prime?
False
Let s = 41 + 44. Let g(w) = 5*w + 4*w**2 + 78*w**2 + 13 + s*w**2 - 32*w**2. Is g(-3) a prime number?
True
Suppose 2*o - 4*p = 14 - 2, 4*o = -p + 15. Let c = -786 + 789. Suppose 5*b + 240 = 5*l, -o*b = -c*l + 115 + 24. Is l a composite number?
False
Let y(t) = t**3 + 7*t**2 + 3. Let p be y(-2). Suppose 13187 + 866 = p*l. Is l composite?
True
Suppose -117*q + 356886 = -63*q. Is q a composite number?
True
Let c(d) = d**3 - 19*d**2 + 21*d - 50. Let a be c(18). Is 631/((-4)/((-16)/a)) a composite number?
False
Let c(m) = -m**2 - 9*m + 17. Let i be c(-10). Suppose -i*g + 4*g + 67303 = 2*s, -10 = -5*s. Is g a composite number?
False
Let q(t) = t - 11. Let m(n) = -4*n + 45. Let r(s) = 2*m(s) + 9*q(s). Let b be r(5). Is (3828/(-48))/(1/b) a composite number?
True
Let a = 116487 + 113530. Is a a prime number?
True
Suppose 2978 = 4*z + k, 2*z - 1226 - 260 = k. Suppose 2*o + 5*w + 488 = -955, -2*w + z = -o. Is o/((-1)/(-3 + (-14)/(-4))) a prime number?
True
Suppose -3*x - 2*u = -4194, 5*x - 7*u = -5*u + 6990. Let r be (0 + -62)*(-11)/(-2). Let o = r + x. Is o prime?
False
Suppose -c - f + 5 = -2*f, -3*c + 43 = 4*f. Let o(k) = 13*k**2 + k + 20. Let x be o(c). Suppose -10*t + 8*t = -x. Is t a composite number?
False
Suppose -3*x - 3236633 = -5*t, 917*x = 922*x - 20. Is t composite?
True
Suppose -10148421 = -65*d + 4319734. Is d a prime number?
True
Let k = 21 - 23. Let i be (-112030)/(-17)*(-11)/k. Suppose -6*y = 5*y - i. Is y a prime number?
False
Let i = 1802746 - -506695. Is i a composite number?
False
Let u be ((-18)/63)/(-1) - 1048/(-7). Let z = 2081 - u. Is z a composite number?
False
Let c = -15 + 17. Suppose m - c = 4. Suppose 11*h = -5*q + m*h + 240, 3*q - 141 = -4*h. Is q a prime number?
False
Let n(f) = -7*f**3 + 17*f**2 + 2*f + 7. Is n(-8) a prime number?
True
Suppose -4*j = -4*v - 3344 - 2020, 3*j = 6. Let p(l) = -l**3 - 9*l**2 + 7*l - 6. Let n be p(-7). Let y = n - v. Is y a composite number?
True
Let y(g) = 649*g**3 + 7*g**2 + 5*g + 4. Let b(a) = 1298*a**3 + 13*a**2 + 9*a + 7. Let r(d) = -6*b(d) + 11*y(d). Is r(-1) a prime number?
False
Let m = 427098 + -207752. Is m a prime number?
False
Let a(j) = 5*j**2 - 42*j - 6246. Is a(85) composite?
False
Let a = 712890 - 375307. Is a a prime number?
True
Let r = -4651 - -2351. Let d = -1185 - r. Is d a composite number?
True
Let l be (-35)/2*(3 + -9) - -1. Suppose -23*j + 8611 = -l. Is j composite?
False
Let p(b) = 77*b**2 + 150*b - 40. Is p(-19) prime?
True
Suppose 5*i - 3*p = 87857, -75*i + p = -73*i - 35142. Is i a prime number?
True
Suppose -5*o = 10, 1 = -3*z - 2*o + 21. Let k(w) = 6*w**2 - 10*w - 11. Is k(z) a composite number?
False
Suppose 3*n - 1585 = 3*w + 95, 0 = 5*n + 25. Let u = w - -827. Is u composite?
True
Let z(i) = 279*i**2 + 3*i + 5. Let s be z(-2). Is s + -2*(-1 + -4 + 4) composite?
False
Suppose a = -2*a - 2*p + 6, p = 4*a - 8. Suppose -3*r + a*r - 9 = 0. Let m(v) = -v**2 - 11*v + 3. Is m(r) prime?
False
Suppose -23*g + 4*o + 38898 = -21*g, 2*g + 5*o - 38907 = 0. Is g a prime number?
False
Let n(j) = 4*j + 7. Let h be n(1). Let b = h + 2886. Is b composite?
False
Let t = 6673 + -1236. Is t prime?
True
Is -1 + 2 - 3*(-90893 + -1) prime?
True
Let k = 1174033 - 161354. Is k a prime number?
True
Suppose 12*l - 4*s - 32343 = 9*l, 5*l - 53905 = 3*s. Is l a prime number?
True
Let w = 1904 - 892. Suppose -4*c + w = -0*c + 4*x, x = -4*c + 1021. Let z = -65 + c. Is z composite?
False
Is 10/(-5)*(3 + -8)/(-10)*-86627 composite?
False
Suppose -4*j = -12 - 0. Suppose -h + 6 = v + 4*h, 5*v - j*h = 30. Suppose 0 = v*p + 51 - 621. Is p a composite number?
True
Suppose 5*q = 6 + 4. Suppose 0 = -3*u + 9, q*s - 4*u + 12 = -3*s. Suppose 2*k = 5*i + 5005 - 1378, s = 2*k + 3*i - 3587. Is k prime?
True
Let o = -10217 + 5915. Let f = o + 6884. Is (-19 - -19) + -1 + f composite?
True
Let s(w) = -2*w**3 - 8*w**2 + 8*w. Let r(z) = -z**2 - 1. Let j(g) = 5*r(g) - s(g). Let a be -7 + (106/8 - (-13)/(-52)). Is j(a) composite?
False
Let u = -100 - -100. Suppose -6 = 2*z, u*n + 2*z = -n - 3817. Let p = -2448 - n. Is p composite?
True
Suppose 213*w = 271*w - 2575142. Is w composite?
True
Suppose 3*h + 340525 = 2*g - 147265, -60 = 15*h. Is g composite?
False
Suppose 17 = -i + 47. Is (15/i)/(2/42908) a composite number?
True
Let g(q) = q + 1. Let a(n) = -11*n**2 + 6*n + 52. Let o(b) = -a(b) + 3*g(b). Is o(-17) composite?
False
Suppose t + 3*q = -356 + 106, t + 290 = 5*q. Let v be -1*2 + (t - -3) + -2. Let d = 275 - v. Is d a composite number?
False
Suppose -22*p + d + 397227 = -19*p, 0 = -3*p + 5*d + 397227. Is p composite?
False
Let j = 3908 - 3344. Let w = 0 - 0. Suppose w = -2*l - 2*y + 1250 + j, 0 = -l + 5*y + 907. Is l prime?
True
Let w = -16635 + 1774. Let l = -33020 - w. Is l/(-15) - (-4)/10 a prime number?
False
Let i(w) = -w**3 - 13*w**2 - 19*w + 37. Let l be i(-11). Suppose l*u - 12*u = -68344. Is u a composite number?
False
Let c be 0 + -8503 + -79 + 86. Is 8 + -5 - (c - 2) prime?
True
Suppose 14*y - 77078 = -3*y. Is y a composite number?
True
Let l be -1 - -2 - 0/(-3). Let u be (-1)/l + 12/(2 - -2). Is ((-35)/u)/5*(-62 + 4) a prime number?
False
Let w(d) = 7866*d**2 - 818*d + 3. Is w(-5) prime?
False
Let w(k) = 1